d thousands digit of 13785289?
7
What is the tens digit of 3611630?
3
What is the hundred thousands digit of 824159?
8
What is the tens digit of 807974?
7
What is the ten thousands digit of 538931?
3
What is the tens digit of 231590?
9
What is the units digit of 192226?
6
What is the ten thousands digit of 77256?
7
What is the tens digit of 10930812?
1
What is the thousands digit of 5278527?
8
What is the thousands digit of 16386214?
6
What is the ten millions digit of 39304918?
3
What is the hundreds digit of 11901565?
5
What is the tens digit of 576300?
0
What is the ten thousands digit of 2627960?
2
What is the hundred thousands digit of 302890?
3
What is the hundreds digit of 522167?
1
What is the hundred thousands digit of 259726?
2
What is the hundreds digit of 519687?
6
What is the millions digit of 11992590?
1
What is the ten millions digit of 22365858?
2
What is the thousands digit of 385458?
5
What is the hundreds digit of 7553637?
6
What is the units digit of 2402225?
5
What is the thousands digit of 241431?
1
What is the units digit of 7599787?
7
What is the hundred thousands digit of 4590945?
5
What is the thousands digit of 256155?
6
What is the thousands digit of 397493?
7
What is the units digit of 5997362?
2
What is the thousands digit of 5400035?
0
What is the thousands digit of 7806915?
6
What is the hundreds digit of 4971513?
5
What is the thousands digit of 3855971?
5
What is the tens digit of 333367?
6
What is the tens digit of 1280872?
7
What is the units digit of 105443?
3
What is the hundreds digit of 7243372?
3
What is the units digit of 382294?
4
What is the tens digit of 2746795?
9
What is the ten thousands digit of 4419950?
1
What is the hundreds digit of 2727830?
8
What is the hundreds digit of 9289264?
2
What is the tens digit of 977025?
2
What is the hundred thousands digit of 6046064?
0
What is the millions digit of 1955822?
1
What is the hundreds digit of 5275687?
6
What is the ten thousands digit of 2629984?
2
What is the tens digit of 455387?
8
What is the tens digit of 595154?
5
What is the thousands digit of 216992?
6
What is the hundreds digit of 156786?
7
What is the ten thousands digit of 1296365?
9
What is the hundreds digit of 343445?
4
What is the hundreds digit of 245459?
4
What is the ten thousands digit of 67646?
6
What is the units digit of 404379?
9
What is the thousands digit of 851572?
1
What is the units digit of 4224669?
9
What is the units digit of 98358?
8
What is the millions digit of 8406154?
8
What is the millions digit of 6376533?
6
What is the thousands digit of 10044621?
4
What is the millions digit of 2418921?
2
What is the hundreds digit of 103212?
2
What is the tens digit of 349271?
7
What is the hundred thousands digit of 1159115?
1
What is the millions digit of 3106496?
3
What is the tens digit of 530462?
6
What is the thousands digit of 737255?
7
What is the units digit of 478721?
1
What is the millions digit of 1794222?
1
What is the ten thousands digit of 198036?
9
What is the tens digit of 11524296?
9
What is the hundred thousands digit of 434691?
4
What is the units digit of 384314?
4
What is the tens digit of 199097?
9
What is the hundreds digit of 1020064?
0
What is the hundreds digit of 35921448?
4
What is the tens digit of 678430?
3
What is the tens digit of 2406253?
5
What is the hundred thousands digit of 668426?
6
What is the ten thousands digit of 1721910?
2
What is the tens digit of 1117092?
9
What is the ten thousands digit of 1208970?
0
What is the thousands digit of 1015462?
5
What is the hundreds digit of 413376?
3
What is the ten thousands digit of 807955?
0
What is the units digit of 6715?
5
What is the hundred thousands digit of 176614?
1
What is the units digit of 1247660?
0
What is the thousands digit of 1738653?
8
What is the units digit of 8229803?
3
What is the hundreds digit of 1793868?
8
What is the tens digit of 843047?
4
What is the ten thousands digit of 12616121?
1
What is the millions digit of 4161006?
4
What is the ten thousands digit of 4564834?
6
What is the thousands digit of 857218?
7
What is the units digit of 751516?
6
What is the ten millions digit of 12128042?
1
What is the units digit of 1041777?
7
What is the units digit of 3154509?
9
What is the units digit of 59601?
1
What is the thousands digit of 28857645?
7
What is the thousands digit of 975728?
5
What is the thousands digit of 2860148?
0
What is the hundreds digit of 5093091?
0
What is the thousands digit of 819294?
9
What is the units digit of 5887890?
0
What is the units digit of 1484078?
8
What is the thousands digit of 38191?
8
What is the hundreds digit of 129509?
5
What is the units digit of 7727?
7
What is the thousands digit of 164544?
4
What is the thousands digit of 204959?
4
What is the ten thousands digit of 391495?
9
What is the tens digit of 5001530?
3
What is the thousands digit of 1503909?
3
What is the millions digit of 9145844?
9
What is the ten millions digit of 14136804?
1
What is the hundreds digit of 956928?
9
What is the units digit of 1280830?
0
What is the tens digit of 1207360?
6
What is the tens digit of 11226038?
3
What is the ten thousands digit of 367785?
6
What is the thousands digit of 34411?
4
What is the ten thousands digit of 16657026?
5
What is the thousands digit of 78651?
8
What is the ten thousands digit of 800905?
0
What is the hundreds digit of 279747?
7
What is the ten thousands digit of 3476862?
7
What is the thousands digit of 349672?
9
What is the ten thousands digit of 201692?
0
What is the tens digit of 657758?
5
What is the thousands digit of 5647303?
7
What is the millions digit of 2811028?
2
What is the hundreds digit of 2283264?
2
What is the millions digit of 11055806?
1
What is the tens digit of 4178491?
9
What is the ten thousands digit of 373522?
7
What is the ten thousands digit of 402843?
0
What is the ten thousands digit of 317936?
1
What is the thousands digit of 333633?
3
What is the hundreds digit of 332642?
6
What is the millions digit of 13747093?
3
What is the ten millions digit of 10689193?
1
What is the ten thousands digit of 1403972?
0
What is the hundred thousands digit of 218567?
2
What is the thousands digit of 256227?
6
What is the tens digit of 15607?
0
What is the tens digit of 292339?
3
What is the ten millions digit of 13196756?
1
What is the tens digit of 437512?
1
What is the hundred thousands digit of 236482?
2
What is the hundred thousands digit of 4544199?
5
What is the tens digit of 33241?
4
What is the hundred thousands digit of 5410205?
4
What is the millions digit of 2066799?
2
What is the tens digit of 483682?
8
What is the hundreds digit of 362940?
9
What is the tens digit of 8065?
6
What is the thousands digit of 782363?
2
What is the thousands digit of 182855?
2
What is the ten thousands digit of 697889?
9
What is the millions digit of 17259724?
7
What is the ten thousands digit of 1475566?
7
What is the ten thousands digit of 123672?
2
What is the ten thousands digit of 379869?
7
What is the hundred thousands digit of 536877?
5
What is the tens digit of 397676?
7
What is the units digit of 16158?
8
What is the tens digit of 4041330?
3
What is the ten thousands digit of 2312798?
1
What is the tens digit of 348895?
9
What is the hundreds digit of 5014519?
5
What is the thousands digit of 402121?
2
What is the ten thousands digit of 1606698?
0
What is the thousands digit of 180189?
0
What is the tens digit of 366546?
4
What is the ten thousands digit of 1951292?
5
What is the units digit of 55904?
4
What is the tens digit of 670477?
7
What is the hundreds digit of 25246?
2
What is the hundred thousands digit of 489368?
4
What is the ten thousands digit of 141308?
4
What is the units digit of 1010086?
6
What is the units digit of 552039?
9
What is the thousands digit of 2163061?
3
What is the thousands digit of 8600460?
0
What is the hundreds digit of 36890?
8
What is the units digit of 364006?
6
What is the hundreds digit of 229493?
4
What is the hundred thousands digit of 587048?
5
What is the hundred thousands digit of 1430091?
4
What is the hundred thousands digit of 208281?
2
What is the tens digit of 306823?
2
What is the millions digit of 1850450?
1
What is the tens digit of 632933?
3